 o**3 + 2*o**2 + 0*o**2. Give v(1).
1
Let v(s) = 4*s - 4. Suppose 0 = -j - 2*g - 8, 2*j - 5*j + 16 = -2*g. Suppose -4*c - 22 = -5*o, 3*c + o = -5 - j. Let x be (-5 + 4)*c*1. What is v(x)?
8
Let w(v) be the second derivative of v**5/20 + v**4/3 - 7*v**3/6 - 3*v**2 + v. Suppose c - 2*n + 1 + 10 = 0, -9 = 3*c + 2*n. Calculate w(c).
4
Let n(q) = -q**3 + 7*q**2 - 8*q + 6. Let v(p) = -p**3 + 7*p**2 - 6*p + 6. Suppose -3*k + 3 + 7 = 2*a, -3*a - 6 = k. Let t be v(k). What is n(t)?
-6
Let s(v) = 44*v - 46*v + 3 - 2. Calculate s(2).
-3
Let x(v) = -9*v**3 + v**2 - v + 1. Suppose -y + 4*y + 2*q = 11, -5 = -y - q. Determine x(y).
-8
Suppose d = -p + 5, 9 = 5*p + d - 12. Let h(q) = q**2 - q - 3. Determine h(p).
9
Suppose -5*i - 7 - 3 = 0. Let s(f) = -f**2 + f + 8. Let j be s(0). Let k(p) = -p + 0*p + 2 + j*p. Calculate k(i).
-12
Let r(l) be the third derivative of 1/3*l**3 - 1/24*l**4 + 0 + 3*l**2 + 0*l. Suppose 0 = -5*x + 3*x. Determine r(x).
2
Let v(p) = -2*p**2 - 3*p + 2. Let b(f) = -f**3 - 4*f**2 + 5*f - 3. Let m be b(-5). What is v(m)?
-7
Let j(r) = -8*r**2 + 6 - 10*r**3 - 7*r - 6*r**3 + 15*r**3. Suppose -3*o - 4*b - 2 - 27 = 0, -5*o = b + 37. What is j(o)?
6
Let a(k) = k + 1. Let n(q) = -4*q - 3. Let l be -8 - (-4 + 4/2). Let u(v) = l*a(v) - n(v). What is u(-3)?
3
Let p(x) = 4*x**3 + 21*x**2 - 14*x + 9. Let b(j) = j**3 + 7*j**2 - 5*j + 3. Let u(w) = 7*b(w) - 2*p(w). Give u(6).
-3
Let g(y) = 16*y - 2 + 1 - 6*y + y**2. Calculate g(-9).
-10
Let r = -6 - -2. Let d(a) be the second derivative of -a**5/60 - a**4/24 - a**3/6 + 2*a. Let k(b) be the second derivative of d(b). Calculate k(r).
7
Let o(b) = b**3 - 5*b**2 + 4*b - 6. Let m = -22 - -22. Suppose m = -4*y - 1 + 17. Calculate o(y).
-6
Let j(c) = 6. Let f(g) = -g - 13. Let k(l) = -2*f(l) - 5*j(l). Calculate k(3).
2
Let y be -1*(-3 + -2 + -2). Let u be 6/21 + (-2)/y. Let p(a) = a + 7. Give p(u).
7
Let u(r) = -4 + 20 - r + 0 + 2*r. Give u(-11).
5
Let f be 39/(-13)*(2 + -1). Let w(q) = q - 1. Let d(t) = 2*t - 1. Let a(p) = -d(p) + 4*w(p). Calculate a(f).
-9
Let o(q) = 23*q + 14. Let z(d) = -8*d - 5. Let s(p) = -6*o(p) - 17*z(p). What is s(1)?
-1
Let o(k) = -k**3 - k**2. Let n(t) = -3*t**3 - 8*t**2 + 2*t + 4. Let q(p) = -n(p) + 4*o(p). Give q(3).
-1
Let j(n) = -5*n - 1. Suppose 2*w - 1 = 11. Suppose s - w = 2*s. Let x = s - -5. Give j(x).
4
Let c(l) = 69 - l - 33 + 16*l**2 - 36. Determine c(-1).
17
Let l(i) = -10*i + 50. Let f(z) = -1. Let b(t) = -50*f(t) - l(t). Let y be -1 + 2*1 + -2. What is b(y)?
-10
Let l(q) = 9*q**2 + 3*q**3 - 3 + 3*q - 14*q**2 - 2*q**3. Calculate l(3).
-12
Let z = 4 + 2. Suppose 4*u - 8 = 4*w, -2*u - w + 4 = -z. Let k(y) = y**3 - 5*y**2 + 3*y - 5. Determine k(u).
-9
Let u = 4 - 8. Let b(r) be the third derivative of r**6/120 + r**5/30 - 7*r**4/24 - r**3 - 6*r**2. Give b(u).
-10
Let l = 105 - 103. Let s(n) = n**3 + n**2 - n + 2. What is s(l)?
12
Let p(n) = 2*n + 10. Let b(k) = -9*k + 8. Let v be b(4). Let d = v + 21. Calculate p(d).
-4
Let x(t) = -5*t + 8. Let v(k) = 4*k - 7. Let a(y) = 6*v(y) + 5*x(y). What is a(4)?
-6
Let k(g) = -3*g + 4. Let i = -3 - -4. Let l = 8 - 4. Let a = l - i. What is k(a)?
-5
Let s = 8 + -11. Let u(p) = 2*p**2 + 3*p - 2. What is u(s)?
7
Let s(p) = -3*p - 3*p + 7*p - p**2 - 8. Suppose -4*f + 4*z + 4 = -0*f, -5*f - 3*z = 3. Suppose -j + 0*j = f. Determine s(j).
-8
Let w(o) = -o**2 - 7*o - 6. Let k be w(-4). Let v(a) = 0*a**3 + a**2 - 1 + 3*a**3 + a + 0 - k*a**3. Give v(1).
-2
Let v(z) = z**3 + 2*z**2 - 2*z - 2. Let p be v(-3). Let g(t) be the first derivative of -t**3/3 - 5*t**2/2 + 4. What is g(p)?
0
Suppose 0 = 4*v - 5 - 7. Let f(t) = v*t**2 - t**2 - 3*t**2 - 3 - 6*t. Let r = -6 + 2. Calculate f(r).
5
Let a(d) = 6*d**3 - 6*d**2 + 3*d + 9. Let z(x) = -5*x**3 + 6*x**2 - 2*x - 8. Let s(m) = -4*a(m) - 5*z(m). Calculate s(6).
-8
Let l(a) be the second derivative of -a**6/72 + a**5/120 + a**4/24 - 7*a**3/6 - 2*a. Let j(u) be the second derivative of l(u). Determine j(-1).
-5
Let s(r) = 3 + 9*r + 4*r**3 + r**2 - 7*r - 2. Determine s(-1).
-4
Let c(q) = 2*q - 8. Let n be 6/30 + (-1)/5. Suppose -5*w - 5*t + 30 = 0, n*t = -2*t. Let y be c(w). Let k(x) = 3*x - 4. Determine k(y).
8
Let h(n) = n**3 - 4*n**2 + n - 5. Let o be h(4). Let g(m) = -7*m - 1. Calculate g(o).
6
Let l(o) = o + 9. Suppose -4*u = 2*j + 2*j - 32, 0 = 2*u - 3*j - 26. Suppose 4*h + 5*t = -23, -5*t = -u*t + 5. What is l(h)?
2
Let c be 105/(-10)*36/21. Let g = 14 + c. Let o(z) = -z - 4. What is o(g)?
0
Let s(z) = -z**2 - 4*z + 3. Let p be (0 - 14/4)*28/14. Give s(p).
-18
Let i(c) = -4*c**3 + c**2 + c - 1. Suppose -13 = 2*h + 3*d, 5*h - 6*h + 5*d = -26. Calculate i(h).
-3
Let a(q) = 3*q**2 + 9*q + 1. Let p(k) = -4*k**2 - 10*k - 2. Let f(d) = -5*a(d) - 4*p(d). Let v(t) = -4*t + 32. Let g be v(7). Determine f(g).
-1
Let a be (-7 - -1)*14/(-21). Let s(k) = -k**2 + 13*k - 7. Let t(x) = -x**2 + 14*x - 8. Let p(c) = 5*s(c) - 4*t(c). Give p(a).
17
Suppose 5*t + 9 = 3*z, -3*z + 7 - 1 = -4*t. Let j(q) = -6*q + 4. Let a(i) = 2*i - 1. Let r(n) = -10*a(n) - 3*j(n). What is r(t)?
4
Let q(h) be the third derivative of h**2 - 1/10*h**5 - 1/120*h**6 + 0*h + h**3 - 1/6*h**4 + 0. Let b = -6 - -1. What is q(b)?
1
Let c(h) = h - 1. Let y = 10 - 4. Let s be c(y). Let t(k) be the first derivative of -k**4/4 + 2*k**3 - 5*k**2/2 + 2*k + 1. Give t(s).
2
Let r = -6 + 8. Let q(l) = -2*l + 36*l**2 - 16*l**r - 1 - 18*l**2. Let w be (-5)/3 + (-2)/(-3). Calculate q(w).
3
Let p(d) = d**2 - 4*d + 1 + 0 + 2. Give p(5).
8
Let k(u) = -u - 1. Suppose 2*q - 20 = -3*q. Let n(b) be the first derivative of -b**2/2 + 5*b + 6. Let a be n(q). What is k(a)?
-2
Let j = -9 + 15. Let d be (1 - 5) + j + -6. Let p(x) = x**3 + 5*x**2 + 4*x. Calculate p(d).
0
Let b = 20 - 26. Let z = 4 - 5. Let g(d) = d**2 + d + 6. Let h(k) = -k + 1. Let y(m) = z*g(m) + 5*h(m). Determine y(b).
-1
Let q(v) = -v**2 + 6*v + 5. Let a be 17 + 1 + 1 + -2. Let r = -11 + a. Determine q(r).
5
Suppose 2*m + 25 = -3*m. Let l(a) = 2*a**2 - 7*a. Let w(h) = 3*h**2 - 7*h. Let i(j) = 4*l(j) - 3*w(j). What is i(m)?
10
Let m(j) be the third derivative of -j**6/120 - j**3/6 + j**2. Let s = -7 + 3. Let n = 5 + s. What is m(n)?
-2
Let d = 7 + -2. Let l(q) = q**2 - 5*q + 2. Calculate l(d).
2
Suppose 0 = -2*j - j + 6. Let y(w) = 4*w - 5. Let p(o) = -3*o + 4. Let k(x) = -5*p(x) - 4*y(x). What is k(j)?
-2
Let g(o) be the second derivative of o**5/20 + 7*o**4/12 - o**2/2 + 2*o. Give g(-7).
-1
Let y(t) = -6*t**2 + 4*t + 1. Let b(o) = 5*o**2 - 4*o. Let f(u) = 7*b(u) + 6*y(u). Let n = 1 + -5. Let a = -1 + n. Determine f(a).
1
Let q(s) = -s**3 + 5 - 3*s + 0*s**3 + 0*s**3 - 5*s**2. Suppose -3*n = -8*n - 30. Let y = 2 + n. Give q(y).
1
Let d(c) = c**2 - 2*c - 5. Let x be d(-4). Let f = x + -16. Let b(w) = w**3 - 3*w**2 + 2*w - 1. Give b(f).
5
Suppose 0 = -5*k + 39 + 21. Let i(l) = -7*l**2 - k + 2*l + 0*l + 3 + l**3. Give i(7).
5
Let p(i) = 7 - 10 + 5 - 4*i. Determine p(2).
-6
Let o(z) be the second derivative of -z**5/5 - z**4/12 + z**3/6 - z**2/2 - 2*z. Calculate o(1).
-5
Let b be (1 - 6)/(-9 - -8). Let l(g) = -g**3 + 6*g**2 - 3*g - 4. Calculate l(b).
6
Let d be (2/(-6))/(3/(-18)). Let l(c) = -2 + 4 + c**d + c - 4*c. Give l(3).
2
Let d(m) = -5*m - 4. Let b(j) = 4*j + 3. Let u = 1 - 3. Let k(q) = u*d(q) - 3*b(q). Calculate k(1).
-3
Let y(h) be the first derivative of 3*h**2/2 + 3*h - 54. Give y(-5).
-12
Let a = 13 + -10. Let f(d) = -d**3 + 4*d**2 - 3*d + 4. Give f(a).
4
Let l be (-9)/((-12)/(-4)) - 3. Let u(i) = i**2 + 7*i + 2. Give u(l).
-4
Let m = -37 + 35. Let d(f) be the third derivative of f**6/120 + f**5/30 - f**4/8 - f**3/2 - f**2. Determine d(m).
3
Let f = -6 - -5. Let w = -4 + f. Let b(r) = -2*r - 7. Give b(w).
3
Let t(y) = -5*y - 7 + 11*y - y**2 + 7. Suppose -v + 15 = 2*v. What is t(v)?
5
Let o(y) = -3*y**2 + y**2 - 7156 + 7159 - 2*y. Calculate o(2).
-9
Let j(k) = -77 + 77 - 2*k. Calculate j(-3).
6
Let g(q) = -2*q + 5. Suppose 4*o + 4*d - 28 = 2*o, -4*o + d = -11. What is g(o)?
-3
Let i(g) = g**2 + 3*g - 4. Let t(k) = -2*k**2 + 3*k + 2. Let y be t(3). Let r = -5 - y. Let l be (3 - 13)*r/4. What is i(l)?
6
Let q(o) = o**2 - 4*o - 1. Let t = 3 - -3. Let k be 16/t*3/2. Let d be 5/(-20) + 17/k. Determine q(d).
-1
Let x(n) = 2*n**3 - 4*n**2 + n + 2. Suppose -3*q = -2*q - 5. Let v = 7 - q. Give 